{"id":5708,"date":"2025-02-25T14:31:54","date_gmt":"2025-02-25T14:31:54","guid":{"rendered":"https:\/\/magnanerie-event.azur-informatique.fr\/?page_id=5708"},"modified":"2025-11-25T17:19:56","modified_gmt":"2025-11-25T17:19:56","slug":"actualites","status":"publish","type":"page","link":"https:\/\/www.lamagnanerie-events.fr\/index.php\/actualites\/","title":{"rendered":"Actualit\u00e9s"},"content":{"rendered":"\t\t<div data-elementor-type=\"wp-page\" data-elementor-id=\"5708\" class=\"elementor elementor-5708\" data-elementor-post-type=\"page\">\n\t\t\t\t\t\t<section class=\"elementor-section elementor-top-section elementor-element elementor-element-4127184 elementor-section-full_width elementor-section-height-default elementor-section-height-default wpr-particle-no wpr-jarallax-no wpr-parallax-no wpr-sticky-section-no\" data-id=\"4127184\" data-element_type=\"section\" data-settings=\"{&quot;background_background&quot;:&quot;classic&quot;}\">\n\t\t\t\t\t\t\t<div class=\"elementor-background-overlay\"><\/div>\n\t\t\t\t\t\t\t<div class=\"elementor-container elementor-column-gap-default\">\n\t\t\t\t\t<div class=\"elementor-column elementor-col-100 elementor-top-column elementor-element elementor-element-c4b5cf3\" data-id=\"c4b5cf3\" data-element_type=\"column\">\n\t\t\t<div class=\"elementor-widget-wrap elementor-element-populated\">\n\t\t\t\t\t\t<div class=\"elementor-element elementor-element-2b98386 elementor-widget elementor-widget-heading\" data-id=\"2b98386\" data-element_type=\"widget\" data-widget_type=\"heading.default\">\n\t\t\t\t<div class=\"elementor-widget-container\">\n\t\t\t\t\t<h2 class=\"elementor-heading-title elementor-size-default\">D\u00e9couvrez les actualit\u00e9s de la Magnanerie<\/h2>\t\t\t\t<\/div>\n\t\t\t\t<\/div>\n\t\t\t\t<div class=\"elementor-element elementor-element-b898510 elementor-widget elementor-widget-postgrid\" data-id=\"b898510\" data-element_type=\"widget\" data-widget_type=\"postgrid.default\">\n\t\t\t\t<div class=\"elementor-widget-container\">\n\t\t\t\t\t\n<div class=\"nd_elements_section nd_elements_masonry_content nd_elements_posgrid_widget_l4\">\n\t    \t<div class=\" nd_elements_width_33_percentage nd_elements_width_100_percentage_iphone nd_elements_width_50_percentage_ipad nd_elements_float_left nd_elements_masonry_item nd_elements_padding_15 nd_elements_box_sizing_border_box\">\n\n\t    \t\t<div class=\"nd_elements_section nd_elements_background_color_fff nd_elements_border_1_solid_grey\">\n\n\t\t    \t\t<p class=\"nd_elements_posgrid_widget_l4_date2 nd_elements_margin_0_important nd_elements_padding_0 nd_elements_letter_spacing_1 nd_elements_font_size_13  nd_elements_line_height_13 nd_elements_padding_left_15 \">26 juin<\/p><a href=\"https:\/\/www.lamagnanerie-events.fr\/index.php\/2025\/06\/26\/soiree-live-avec-notre-saxophiste-mike\/\"><img decoding=\"async\" class=\"nd_elements_section\" alt=\"\" src=\"https:\/\/www.lamagnanerie-events.fr\/wp-content\/uploads\/2025\/06\/saxophiste-Mike-376x308.jpg\"><\/a>\n\n\t\t    \t\t<div class=\"nd_elements_section nd_elements_padding_40 nd_elements_padding_20_iphone nd_elements_box_sizing_border_box\">\n\t\t    \t\t \n\n\t\t    \t\t\t\n\t\t\t    \t\t<div class=\"nd_elements_section nd_elements_height_15\"><\/div>\n\n\t\t\t\t    \t<a class=\"nd_elements_section\" href=\"https:\/\/www.lamagnanerie-events.fr\/index.php\/2025\/06\/26\/soiree-live-avec-notre-saxophiste-mike\/\">\n\t\t\t\t    \t\t<h3 class=\"nd_elements_font_size_23 nd_elements_posgrid_widget_l4_title nd_elements_word_break_break_word nd_elements_font_size_20_iphone nd_elements_line_height_23 nd_elements_margin_0_important nd_elements_letter_spacing_1\"><strong>Soir\u00e9e live avec notre saxophiste\u00a0Mike<\/strong><\/h3>\n\t\t\t\t    \t<\/a>\n\t\t\t\t    \t<div class=\"nd_elements_section nd_elements_height_20\"><\/div>\n\t\t\t\t    \t<p class=\"nd_elements_font_size_15 nd_elements_section nd_elements_margin_0_important nd_elements_posgrid_widget_l4_excerpt nd_elements_line_height_2\">Ambiance festive \u00e0 la Magnanerie pour la f\u00eate de la musique! Au programme, des invit\u00e9s d\u00e9cha\u00een\u00e9s, un cocktail ap\u00e9ritif raffin\u00e9 ...<\/p>\n\t\t\t\t    \t<div class=\"nd_elements_section nd_elements_height_20\"><\/div>\n\n\t\t\t\t    \t<a class=\"nd_options_color_white nd_elements_font_size_13 nd_elements_posgrid_widget_l4_button nd_elements_letter_spacing_1 nd_elements_line_height_1 nd_elements_padding_10_20\" style=\"background-color:#000000\" href=\"https:\/\/www.lamagnanerie-events.fr\/index.php\/2025\/06\/26\/soiree-live-avec-notre-saxophiste-mike\/\"><strong>En savoir plus<\/strong><\/a>\n\n\t\t\t\t\t<\/div>\n\n\t\t\t\t<\/div>\n\t\t    \t\n\t\t\t<\/div>\n\t    \t<div class=\" nd_elements_width_33_percentage nd_elements_width_100_percentage_iphone nd_elements_width_50_percentage_ipad nd_elements_float_left nd_elements_masonry_item nd_elements_padding_15 nd_elements_box_sizing_border_box\">\n\n\t    \t\t<div class=\"nd_elements_section nd_elements_background_color_fff nd_elements_border_1_solid_grey\">\n\n\t\t    \t\t<p class=\"nd_elements_posgrid_widget_l4_date2 nd_elements_margin_0_important nd_elements_padding_0 nd_elements_letter_spacing_1 nd_elements_font_size_13  nd_elements_line_height_13 nd_elements_padding_left_15 \">1 mai<\/p><a href=\"https:\/\/www.lamagnanerie-events.fr\/index.php\/2025\/05\/01\/notre-premier-mariage-de-la-saison-2025\/\"><img decoding=\"async\" class=\"nd_elements_section\" alt=\"\" src=\"https:\/\/www.lamagnanerie-events.fr\/wp-content\/uploads\/2025\/06\/Alexia-et-Mathieu-376x308.jpg\"><\/a>\n\n\t\t    \t\t<div class=\"nd_elements_section nd_elements_padding_40 nd_elements_padding_20_iphone nd_elements_box_sizing_border_box\">\n\t\t    \t\t \n\n\t\t    \t\t\t\n\t\t\t    \t\t<div class=\"nd_elements_section nd_elements_height_15\"><\/div>\n\n\t\t\t\t    \t<a class=\"nd_elements_section\" href=\"https:\/\/www.lamagnanerie-events.fr\/index.php\/2025\/05\/01\/notre-premier-mariage-de-la-saison-2025\/\">\n\t\t\t\t    \t\t<h3 class=\"nd_elements_font_size_23 nd_elements_posgrid_widget_l4_title nd_elements_word_break_break_word nd_elements_font_size_20_iphone nd_elements_line_height_23 nd_elements_margin_0_important nd_elements_letter_spacing_1\"><strong>Notre premier mariage de la saison 2025<\/strong><\/h3>\n\t\t\t\t    \t<\/a>\n\t\t\t\t    \t<div class=\"nd_elements_section nd_elements_height_20\"><\/div>\n\t\t\t\t    \t<p class=\"nd_elements_font_size_15 nd_elements_section nd_elements_margin_0_important nd_elements_posgrid_widget_l4_excerpt nd_elements_line_height_2\">Au mois de Mai 2025, nous avons eu l'honneur de d\u00e9buter le saison mariage avec un merveilleux couple Alexia et Mathieu qui ont choisi le th\u00e8me de ...<\/p>\n\t\t\t\t    \t<div class=\"nd_elements_section nd_elements_height_20\"><\/div>\n\n\t\t\t\t    \t<a class=\"nd_options_color_white nd_elements_font_size_13 nd_elements_posgrid_widget_l4_button nd_elements_letter_spacing_1 nd_elements_line_height_1 nd_elements_padding_10_20\" style=\"background-color:#000000\" href=\"https:\/\/www.lamagnanerie-events.fr\/index.php\/2025\/05\/01\/notre-premier-mariage-de-la-saison-2025\/\"><strong>En savoir plus<\/strong><\/a>\n\n\t\t\t\t\t<\/div>\n\n\t\t\t\t<\/div>\n\t\t    \t\n\t\t\t<\/div>\n\t    \t<div class=\" nd_elements_width_33_percentage nd_elements_width_100_percentage_iphone nd_elements_width_50_percentage_ipad nd_elements_float_left nd_elements_masonry_item nd_elements_padding_15 nd_elements_box_sizing_border_box\">\n\n\t    \t\t<div class=\"nd_elements_section nd_elements_background_color_fff nd_elements_border_1_solid_grey\">\n\n\t\t    \t\t<p class=\"nd_elements_posgrid_widget_l4_date2 nd_elements_margin_0_important nd_elements_padding_0 nd_elements_letter_spacing_1 nd_elements_font_size_13  nd_elements_line_height_13 nd_elements_padding_left_15 \">31 d\u00e9cembre<\/p><a href=\"https:\/\/www.lamagnanerie-events.fr\/index.php\/2024\/12\/31\/nouvel-an-a-la-magnanerie-le-carnaval-de-rio\/\"><img decoding=\"async\" class=\"nd_elements_section\" alt=\"\" src=\"https:\/\/www.lamagnanerie-events.fr\/wp-content\/uploads\/2024\/12\/Nouvel-An-a-La-Magnanerie-\u2013-Le-Carnaval-de-Rio-thumb-376x308.jpg\"><\/a>\n\n\t\t    \t\t<div class=\"nd_elements_section nd_elements_padding_40 nd_elements_padding_20_iphone nd_elements_box_sizing_border_box\">\n\t\t    \t\t \n\n\t\t    \t\t\t\n\t\t\t    \t\t<div class=\"nd_elements_section nd_elements_height_15\"><\/div>\n\n\t\t\t\t    \t<a class=\"nd_elements_section\" href=\"https:\/\/www.lamagnanerie-events.fr\/index.php\/2024\/12\/31\/nouvel-an-a-la-magnanerie-le-carnaval-de-rio\/\">\n\t\t\t\t    \t\t<h3 class=\"nd_elements_font_size_23 nd_elements_posgrid_widget_l4_title nd_elements_word_break_break_word nd_elements_font_size_20_iphone nd_elements_line_height_23 nd_elements_margin_0_important nd_elements_letter_spacing_1\"><strong>Nouvel An \u00e0 La Magnanerie \u2013 Le Carnaval de Rio<\/strong><\/h3>\n\t\t\t\t    \t<\/a>\n\t\t\t\t    \t<div class=\"nd_elements_section nd_elements_height_20\"><\/div>\n\t\t\t\t    \t<p class=\"nd_elements_font_size_15 nd_elements_section nd_elements_margin_0_important nd_elements_posgrid_widget_l4_excerpt nd_elements_line_height_2\">Pour la premi\u00e8re fois, La Magnanerie a c\u00e9l\u00e9br\u00e9 le 31 d\u00e9cembre 2024 avec un ...<\/p>\n\t\t\t\t    \t<div class=\"nd_elements_section nd_elements_height_20\"><\/div>\n\n\t\t\t\t    \t<a class=\"nd_options_color_white nd_elements_font_size_13 nd_elements_posgrid_widget_l4_button nd_elements_letter_spacing_1 nd_elements_line_height_1 nd_elements_padding_10_20\" style=\"background-color:#000000\" href=\"https:\/\/www.lamagnanerie-events.fr\/index.php\/2024\/12\/31\/nouvel-an-a-la-magnanerie-le-carnaval-de-rio\/\"><strong>En savoir plus<\/strong><\/a>\n\n\t\t\t\t\t<\/div>\n\n\t\t\t\t<\/div>\n\t\t    \t\n\t\t\t<\/div>\n\t    \t<div class=\" nd_elements_width_33_percentage nd_elements_width_100_percentage_iphone nd_elements_width_50_percentage_ipad nd_elements_float_left nd_elements_masonry_item nd_elements_padding_15 nd_elements_box_sizing_border_box\">\n\n\t    \t\t<div class=\"nd_elements_section nd_elements_background_color_fff nd_elements_border_1_solid_grey\">\n\n\t\t    \t\t<p class=\"nd_elements_posgrid_widget_l4_date2 nd_elements_margin_0_important nd_elements_padding_0 nd_elements_letter_spacing_1 nd_elements_font_size_13  nd_elements_line_height_13 nd_elements_padding_left_15 \">19 octobre<\/p><a href=\"https:\/\/www.lamagnanerie-events.fr\/index.php\/2024\/10\/19\/mariage-peaky-blinders-de-nathalie-et-roger-19-octobre-2024\/\"><img decoding=\"async\" class=\"nd_elements_section\" alt=\"\" src=\"https:\/\/www.lamagnanerie-events.fr\/wp-content\/uploads\/2025\/02\/peacky-blinders2-376x308.jpg\"><\/a>\n\n\t\t    \t\t<div class=\"nd_elements_section nd_elements_padding_40 nd_elements_padding_20_iphone nd_elements_box_sizing_border_box\">\n\t\t    \t\t \n\n\t\t    \t\t\t\n\t\t\t    \t\t<div class=\"nd_elements_section nd_elements_height_15\"><\/div>\n\n\t\t\t\t    \t<a class=\"nd_elements_section\" href=\"https:\/\/www.lamagnanerie-events.fr\/index.php\/2024\/10\/19\/mariage-peaky-blinders-de-nathalie-et-roger-19-octobre-2024\/\">\n\t\t\t\t    \t\t<h3 class=\"nd_elements_font_size_23 nd_elements_posgrid_widget_l4_title nd_elements_word_break_break_word nd_elements_font_size_20_iphone nd_elements_line_height_23 nd_elements_margin_0_important nd_elements_letter_spacing_1\"><strong>Mariage \u00ab\u00a0Peaky Blinders\u00a0\u00bb de Nathalie et Roger \u2013 19 octobre 2024\u00a0<\/strong><\/h3>\n\t\t\t\t    \t<\/a>\n\t\t\t\t    \t<div class=\"nd_elements_section nd_elements_height_20\"><\/div>\n\t\t\t\t    \t<p class=\"nd_elements_font_size_15 nd_elements_section nd_elements_margin_0_important nd_elements_posgrid_widget_l4_excerpt nd_elements_line_height_2\">Le 19 octobre 2024, La Magnanerie a accueilli le mariage exceptionnel de ...<\/p>\n\t\t\t\t    \t<div class=\"nd_elements_section nd_elements_height_20\"><\/div>\n\n\t\t\t\t    \t<a class=\"nd_options_color_white nd_elements_font_size_13 nd_elements_posgrid_widget_l4_button nd_elements_letter_spacing_1 nd_elements_line_height_1 nd_elements_padding_10_20\" style=\"background-color:#000000\" href=\"https:\/\/www.lamagnanerie-events.fr\/index.php\/2024\/10\/19\/mariage-peaky-blinders-de-nathalie-et-roger-19-octobre-2024\/\"><strong>En savoir plus<\/strong><\/a>\n\n\t\t\t\t\t<\/div>\n\n\t\t\t\t<\/div>\n\t\t    \t\n\t\t\t<\/div>\n\t    \t<div class=\" nd_elements_width_33_percentage nd_elements_width_100_percentage_iphone nd_elements_width_50_percentage_ipad nd_elements_float_left nd_elements_masonry_item nd_elements_padding_15 nd_elements_box_sizing_border_box\">\n\n\t    \t\t<div class=\"nd_elements_section nd_elements_background_color_fff nd_elements_border_1_solid_grey\">\n\n\t\t    \t\t<p class=\"nd_elements_posgrid_widget_l4_date2 nd_elements_margin_0_important nd_elements_padding_0 nd_elements_letter_spacing_1 nd_elements_font_size_13  nd_elements_line_height_13 nd_elements_padding_left_15 \">1 octobre<\/p><a href=\"https:\/\/www.lamagnanerie-events.fr\/index.php\/2024\/10\/01\/cours-de-cuisine-a-la-magnanerie\/\"><img decoding=\"async\" class=\"nd_elements_section\" alt=\"\" src=\"https:\/\/www.lamagnanerie-events.fr\/wp-content\/uploads\/2025\/02\/Cours-de-Cuisine-a-La-Magnanerie--376x308.jpg\"><\/a>\n\n\t\t    \t\t<div class=\"nd_elements_section nd_elements_padding_40 nd_elements_padding_20_iphone nd_elements_box_sizing_border_box\">\n\t\t    \t\t \n\n\t\t    \t\t\t\n\t\t\t    \t\t<div class=\"nd_elements_section nd_elements_height_15\"><\/div>\n\n\t\t\t\t    \t<a class=\"nd_elements_section\" href=\"https:\/\/www.lamagnanerie-events.fr\/index.php\/2024\/10\/01\/cours-de-cuisine-a-la-magnanerie\/\">\n\t\t\t\t    \t\t<h3 class=\"nd_elements_font_size_23 nd_elements_posgrid_widget_l4_title nd_elements_word_break_break_word nd_elements_font_size_20_iphone nd_elements_line_height_23 nd_elements_margin_0_important nd_elements_letter_spacing_1\"><strong>Cours de Cuisine \u00e0 La Magnanerie\u00a0<\/strong><\/h3>\n\t\t\t\t    \t<\/a>\n\t\t\t\t    \t<div class=\"nd_elements_section nd_elements_height_20\"><\/div>\n\t\t\t\t    \t<p class=\"nd_elements_font_size_15 nd_elements_section nd_elements_margin_0_important nd_elements_posgrid_widget_l4_excerpt nd_elements_line_height_2\">Le 1e octobre 2024, La Magnanerie a organis\u00e9 son premier cours de cuisine ...<\/p>\n\t\t\t\t    \t<div class=\"nd_elements_section nd_elements_height_20\"><\/div>\n\n\t\t\t\t    \t<a class=\"nd_options_color_white nd_elements_font_size_13 nd_elements_posgrid_widget_l4_button nd_elements_letter_spacing_1 nd_elements_line_height_1 nd_elements_padding_10_20\" style=\"background-color:#000000\" href=\"https:\/\/www.lamagnanerie-events.fr\/index.php\/2024\/10\/01\/cours-de-cuisine-a-la-magnanerie\/\"><strong>En savoir plus<\/strong><\/a>\n\n\t\t\t\t\t<\/div>\n\n\t\t\t\t<\/div>\n\t\t    \t\n\t\t\t<\/div>\n\t    \t<div class=\" nd_elements_width_33_percentage nd_elements_width_100_percentage_iphone nd_elements_width_50_percentage_ipad nd_elements_float_left nd_elements_masonry_item nd_elements_padding_15 nd_elements_box_sizing_border_box\">\n\n\t    \t\t<div class=\"nd_elements_section nd_elements_background_color_fff nd_elements_border_1_solid_grey\">\n\n\t\t    \t\t<p class=\"nd_elements_posgrid_widget_l4_date2 nd_elements_margin_0_important nd_elements_padding_0 nd_elements_letter_spacing_1 nd_elements_font_size_13  nd_elements_line_height_13 nd_elements_padding_left_15 \">9 mai<\/p><a href=\"https:\/\/www.lamagnanerie-events.fr\/index.php\/2024\/05\/09\/inauguration-de-la-magnanerie-9-mai-2024\/\"><img decoding=\"async\" class=\"nd_elements_section\" alt=\"\" src=\"https:\/\/www.lamagnanerie-events.fr\/wp-content\/uploads\/2025\/02\/Inauguration-de-La-Magnanerie-\u2013-9-mai-2024-376x308.jpg\"><\/a>\n\n\t\t    \t\t<div class=\"nd_elements_section nd_elements_padding_40 nd_elements_padding_20_iphone nd_elements_box_sizing_border_box\">\n\t\t    \t\t \n\n\t\t    \t\t\t\n\t\t\t    \t\t<div class=\"nd_elements_section nd_elements_height_15\"><\/div>\n\n\t\t\t\t    \t<a class=\"nd_elements_section\" href=\"https:\/\/www.lamagnanerie-events.fr\/index.php\/2024\/05\/09\/inauguration-de-la-magnanerie-9-mai-2024\/\">\n\t\t\t\t    \t\t<h3 class=\"nd_elements_font_size_23 nd_elements_posgrid_widget_l4_title nd_elements_word_break_break_word nd_elements_font_size_20_iphone nd_elements_line_height_23 nd_elements_margin_0_important nd_elements_letter_spacing_1\"><strong>Inauguration de La Magnanerie \u2013 9 mai 2024\u00a0<\/strong><\/h3>\n\t\t\t\t    \t<\/a>\n\t\t\t\t    \t<div class=\"nd_elements_section nd_elements_height_20\"><\/div>\n\t\t\t\t    \t<p class=\"nd_elements_font_size_15 nd_elements_section nd_elements_margin_0_important nd_elements_posgrid_widget_l4_excerpt nd_elements_line_height_2\">Nous avons eu la joie d'inaugurer notre \u00e9tablissement le 9 mai 2024 aux c\u00f4t\u00e9s de nos partenaires et futurs clients.<\/p>\n\t\t\t\t    \t<div class=\"nd_elements_section nd_elements_height_20\"><\/div>\n\n\t\t\t\t    \t<a class=\"nd_options_color_white nd_elements_font_size_13 nd_elements_posgrid_widget_l4_button nd_elements_letter_spacing_1 nd_elements_line_height_1 nd_elements_padding_10_20\" style=\"background-color:#000000\" href=\"https:\/\/www.lamagnanerie-events.fr\/index.php\/2024\/05\/09\/inauguration-de-la-magnanerie-9-mai-2024\/\"><strong>En savoir plus<\/strong><\/a>\n\n\t\t\t\t\t<\/div>\n\n\t\t\t\t<\/div>\n\t\t    \t\n\t\t\t<\/div>\n<\/div>\t\t\t\t<\/div>\n\t\t\t\t<\/div>\n\t\t\t\t\t<\/div>\n\t\t<\/div>\n\t\t\t\t\t<\/div>\n\t\t<\/section>\n\t\t\t\t<\/div>\n\t\t","protected":false},"excerpt":{"rendered":"<p>D\u00e9couvrez les actualit\u00e9s de la Magnanerie 26 juin Soir\u00e9e live avec notre saxophiste\u00a0Mike Ambiance festive \u00e0 la Magnanerie pour la f\u00eate de la musique! Au programme, des invit\u00e9s d\u00e9cha\u00een\u00e9s, un cocktail ap\u00e9ritif raffin\u00e9 &#8230; En savoir plus 1 mai Notre premier mariage de la saison 2025 Au mois de Mai 2025, nous avons eu l&rsquo;honneur de d\u00e9buter le saison mariage avec un merveilleux couple Alexia et Mathieu qui ont choisi le th\u00e8me de &#8230; En savoir plus 31 d\u00e9cembre Nouvel An \u00e0 La Magnanerie \u2013 Le Carnaval de Rio Pour la premi\u00e8re fois, La Magnanerie a c\u00e9l\u00e9br\u00e9 le 31 d\u00e9cembre 2024 avec un &#8230; En savoir plus 19 octobre Mariage \u00ab\u00a0Peaky Blinders\u00a0\u00bb de Nathalie et Roger \u2013 19 octobre 2024\u00a0 Le 19 octobre 2024, La Magnanerie a accueilli le mariage exceptionnel de &#8230; En savoir plus 1 octobre Cours de Cuisine \u00e0 La Magnanerie\u00a0 Le 1e octobre 2024, La Magnanerie a organis\u00e9 son premier cours de cuisine &#8230; En savoir plus 9 mai Inauguration de La Magnanerie \u2013 9 mai 2024\u00a0 Nous avons eu la joie d&rsquo;inaugurer notre \u00e9tablissement le 9 mai 2024 aux c\u00f4t\u00e9s de nos partenaires et futurs clients. En savoir plus<\/p>\n","protected":false},"author":2,"featured_media":0,"parent":0,"menu_order":0,"comment_status":"closed","ping_status":"closed","template":"","meta":{"footnotes":""},"class_list":["post-5708","page","type-page","status-publish","hentry"],"_links":{"self":[{"href":"https:\/\/www.lamagnanerie-events.fr\/index.php\/wp-json\/wp\/v2\/pages\/5708","targetHints":{"allow":["GET"]}}],"collection":[{"href":"https:\/\/www.lamagnanerie-events.fr\/index.php\/wp-json\/wp\/v2\/pages"}],"about":[{"href":"https:\/\/www.lamagnanerie-events.fr\/index.php\/wp-json\/wp\/v2\/types\/page"}],"author":[{"embeddable":true,"href":"https:\/\/www.lamagnanerie-events.fr\/index.php\/wp-json\/wp\/v2\/users\/2"}],"replies":[{"embeddable":true,"href":"https:\/\/www.lamagnanerie-events.fr\/index.php\/wp-json\/wp\/v2\/comments?post=5708"}],"version-history":[{"count":64,"href":"https:\/\/www.lamagnanerie-events.fr\/index.php\/wp-json\/wp\/v2\/pages\/5708\/revisions"}],"predecessor-version":[{"id":6906,"href":"https:\/\/www.lamagnanerie-events.fr\/index.php\/wp-json\/wp\/v2\/pages\/5708\/revisions\/6906"}],"wp:attachment":[{"href":"https:\/\/www.lamagnanerie-events.fr\/index.php\/wp-json\/wp\/v2\/media?parent=5708"}],"curies":[{"name":"wp","href":"https:\/\/api.w.org\/{rel}","templated":true}]}}